 + 4 + 2 + -2?
-3
Evaluate 1 + 1 + (-1 - -1).
2
Calculate 9 + -15 + 5 - -6.
5
What is the value of -2 - (-3 + 4 - 3)?
0
What is the value of 15 - ((10 - (0 + 8)) + 6)?
7
(-3 - -4 - 4) + (1 - -4)
2
What is the value of -4 - (-9 - (4 - 4))?
5
1 + -4 + (6 - -2) + -5
0
What is 4 + (-1 + -3 - (-1 + 4))?
-3
What is the value of 8 + -12 - -6 - 6?
-4
Calculate -1 + 2 + 74 + -68.
7
What is the value of 3 - ((1 - 1 - 2) + 4)?
1
What is the value of 5 - (-6 + 11 - (4 + -4))?
0
2 - 4 - (-5 + 2)
1
What is the value of -3 - (-2 + -3) - (-4 - -3)?
3
Calculate -4 + -3 + 0 + 1.
-6
Calculate -1 - (3 - (2 + 1)) - 3.
-4
What is (-6 - -11) + -3 + 1?
3
What is (0 - (10 - 0)) + -3 + 7?
-6
What is the value of -5 + 5 + 0 + 6 + -3?
3
What is 36 + -40 + (-2 - -1) + 0?
-5
Calculate -4 - 0 - (2 - -1) - -5.
-2
What is -1 - -1 - (34 + -29)?
-5
What is the value of 2 + (-2 - 3) - 2?
-5
What is 0 - (2 - -1 - (1 - 1))?
-3
Calculate -2 - -8 - (9 + 2).
-5
Evaluate -12 + -15 + 35 + -13.
-5
2 - (3 + (-2 - 0))
1
4 - (13 + (-12 - -6))
-3
Evaluate -4 + (2 - (-1 + 0)) - -4.
3
Calculate 5 + 3 + 5 + -5 - 7.
1
What is -7 - (-8 + 11 + -8) - 6?
-8
(7 - (6 + -6)) + -2
5
What is the value of -1 - (-5 + 2) - -3?
5
What is (10 + -6 - (-8 - -1)) + -4?
7
Evaluate -4 + (-3 - -4) + 0.
-3
0 + (4 - -2 - 3) + 1
4
-5 - (-9 - (11 + -5))
10
What is -14 - -19 - (-1 + 4)?
2
What is -5 - 1 - (3 - 14)?
5
Calculate 124 + -126 + (-1 - -11).
8
-2 + 14 + -22 + 3
-7
Calculate 2 - 17 - (-59 + 48).
-4
7 + 3 - 12 - -3
1
Calculate -4 - (-11 - (4 - (-6 - -9))).
8
Calculate -2 - (1 - 1) - (-14 - -10).
2
-7 + -3 - (0 - 2)
-8
Calculate 3 + (-6 - (-4 + -3)) + -6.
-2
What is 5 + -1 - (7 + -10)?
7
Evaluate 4 + 3 - (-8 - -11) - 12.
-8
7 - (0 - -2) - 8
-3
What is the value of -2 + -3 + -6 + 6?
-5
3 + -6 + (-5 - -5)
-3
Evaluate (3 + 0 - -4) + -3 - 9.
-5
Evaluate -5 + -2 + 6 + 1.
0
What is the value of (-4 - ((0 - 2) + -2)) + 3?
3
-8 + (-6 - -10) + -1
-5
What is 1 + -17 + (15 + -22 - -14)?
-9
Calculate (7 - 2 - 1) + -2 + 2.
4
-4 - (-2 - (1 + -1) - -3)
-5
What is the value of -1 + (-4 - -8 - 1)?
2
What is the value of (8 - 4) + -1 + -5?
-2
What is the value of -3 + -3 - (11 - 12)?
-5
What is the value of (2 - 4 - (-4 - 2)) + -3?
1
What is the value of (8 - ((8 - 15) + 19)) + -4?
-8
What is the value of (-9 - 3) + (10 - 2)?
-4
What is the value of (5 - (-4 - (-6 + 4))) + -8?
-1
Calculate 0 + 0 + (-1 - (4 + 0)).
-5
10 - (6 - -17) - -8
-5
What is the value of (11 - 18) + 2 + (11 - 0)?
6
-4 - (0 - (0 - -3)) - -2
1
4 + -1 + -3 - -5
5
What is -4 + 6 - (17 - 2) - -6?
-7
Calculate 3 + 1 + -8 + 4.
0
Evaluate (1 - (10 - 2)) + (-129 - -143).
7
-2 - (8 - 9 - 6)
5
Calculate (-2 - 2) + -1 - (-2 + 2).
-5
25 + -28 + (-2 - (0 + -3))
-2
What is the value of 1 - (3 + (-3 - -4 - 3))?
0
Calculate -1 + 8 + -3 + -1.
3
-12 + 26 + -12 + -9
-7
Calculate -3 - -3 - (15 + (6 - 15)).
-6
Evaluate 2 + -4 + (0 - 0) - 2.
-4
What is (9 - 1 - 9) + 0?
-1
Evaluate (1 - -7) + (4 - -1 - 8).
5
What is the value of -7 + 2 - (4 + -2)?
-7
What is the value of -3 + 1 - -2 - (-1 - -1)?
0
What is -11 - (6 + (-4 - 11))?
-2
What is 4 - (-1 + 10 + -10)?
5
Calculate -6 - (5 + (-14 - -5)).
-2
What is 6 + -7 + -3 + 6?
2
Evaluate -1 - ((-2 - 0) + -1).
2
12 - (-2 + 12) - (-2 + 1)
3
What is the value of -5 + 4 + 1 - 4?
-4
Calculate (0 - 7 - (0 + -3)) + 3.
-1
5 + -1 + 1 - 9 - -4
0
What is the value of -2 - (-10 - 6) - 7?
7
What is -2 + -1 - (-14 + 5 - -1)?
5
(-2 - -6) + -12 + 8 + 1
1
Evaluate -1 + -7 - (-11 - 2 - -14).
-9
What is 4 + -4 + 1 - -1?
2
Evaluate 0 + -3 + (0 - -4).
1
Evaluate (0 - -1) + 6 + (5 - 8).
4
What is the value of (-6 - -4 - 4) + 1?
-5
What is the value of -9 + 3 + -2 + 19?
11
What is the value of (-1 - -3) + (22 - 18)?
6
What is -6 - (-9 - (12 - (-3 - -8)))?
10
(8 - (8 + -6)) + -5 + 6
7
Evaluate -10 - (2 - (16 - 11)).
-7
(-1 - 0) + (1 - 3)
-3
What is 8 + -2 + -3 + -5?
-2
What is the value of -7 - -3 - (-5 - -2) - -4?
3
Evaluate 3 - (2 - (8 - 11)).
-2
What is the value of -30 - -33 - (-1 + (5 - 0))?
-1
What is -2 + (6 - (-5 + (-1 - -4)))?
6
(3 - 0) + (-7 - -6) - 5
-3
What is the value of -44 - -58 - (1 + 9)?
4
Evaluate 2 - 6 - (20 - 27).
3
6 + (-6 - (2 - 0))
-2
What is 1 + -8 - (-2 + 0 + 0)?
-5
Evaluate (-7 - (2 + -3)) + (4 - 3).
-5
What is the value of -6 + 3 + -4 + 2 + 2?
-3
What is -12 + -14 + 4 + 13?
-9
What is the value of -1 + 0 + (-54 - -48) - -3?
-4
What is (-6 - -5 - -2) + -6 + -1?
-6
What is (-3 - -3) + -4 + 8?
4
What is the value of (1 - -26) + -14 + 0 + -6?
7
Calculate 6 + -14 + 6 + 5.
3
What is -4 + 0 - (2 - (1 + 3))?
-2
What is the value of 10 - ((-4 - (-9 - -1)) + 1)?
5
What is the value of -6 + (-4 - -3 - (-2 + -1))?
-4
What is the value of 4 + (-2 - -3) + -4 + 0?
1
-2 + -2 + -3 + (-1 - -4)
-4
Evaluate -1 - 10 - (0 - 11).
0
Evaluate 10 + (-27 - -8) + 1.
-8
What is the value of 5 - (19 - (10 - -1))?
-3
Calculate -3 - (12 + -5 + -3).
-7
Calculate -5 - -4 - (0 - (-4 - 0)).
-5
What is 1 + (-1 + -3 - -3) + 1?
1
(-5 - (0 + -5)) + 5
5
Calculate (5 - -3) + -6 + -2 + -1.
-1
What is the value of 2 + (8 - 9) + -1?
0
What is 5 + (-3 - -1) + -8?
-5
Calculate -8 - (-2 + -5 + 2).
-3
Evaluate -2 - 1 - (-14 - (-18 - -9)).
2
What is 64 - 58 - (0 - (-2 - 0))?
4
Evaluate 2 + -3 + (-1 - -2 - 2).
-2
What is the value of (17 - (8 + -1)) + (-1 - 3)?
6
What is the value of 3 + (-1 - -2) + (-15 - -9)?
-2
Calculate (-1 - (12 - 3)) + (13 - 8).
-5
Evaluate -17 + 18 - (-5 + 1 - 0).
5
What is the value of -3 + (3 - (2 - -5) - -6)?
-1
Calculate -3 - (3 + (-1 - 5)).
0
Calculate -13 - -1 - -13 - (-5 - 4).
10
-1 + 6 + (24 + -19 - 15)
-5
What is the value of 6 + (7 - 8 - 9)?
-4
-12 + -1 + (218 - 213)
-8
Evaluate 3 - (-11 + 20 + 0).
-6
-3 + 3 + 29 + -27
2
-13 + 3 + -1 - (-22 - -18)
-7
Evaluate (7 - 1) + -2 + 1.
5
(-1 + -6 - (-35 + 27)) + -8
-7
0 - ((2 - 0) + 2 + 0)
-4
7 + -15 - -25 - 8 - 3
6
What is the value of (-9 - (2 + 0)) + 16 + -11?
-6
What is -1 + 4 + -2 + 3 - 0?
4
1 - (-3 + 1) - (5 + -3)
1
7 - (3 - (-5 + 4))
3
What is the value of (-8 - (2 + -6)) + 5?
1
What is the value of -12 - ((-2 - (0 + 4)) + 1)?
-7
Evaluate -3 + 3 + 0 + -3.
-3
Calculate -8 + (5 - (-5 + 17)) + 7.
-8
What is the value of 0 - -5 - (3 - -2)?
0
Calculate (-9 - 16) + 8 + 13.
-4
What is 6 - (-3 + -4 + 8)?
5
What is (12 - 5) + (1 - 1)?
7
13 - 17 - (-5 + 0 - 3)
4
What is the value of -2 - (2 - 2) - 1 - -2?
-1
What is the value of (-1 - (-3 - (1 - 3))) + -2?
-2
Calculate (-2 - 1) + -3 + (-19 - -33).
8
Calculate 2 + -5 - (-2 - -1).
-2
Calculate -8 + 4 + 15 + -18.
-7
1 + -1 + 21 + -20
1
1 + (0 - -2) + 3 + -1
5
-3 - (-7 - 2) - 7
-1
-15 + 13 + 1 - 2
-3
What is -1 + (-4 + -3 - -14)?
6
What is ((1 - 0) + -4 - -1) + 1?
-1
What is the value of -2 - (-1 + -3 + (19 - 13))?
-4
-8 + (6 - 5) + 1
-6
What is (0 + 1 - 6) + (-171 - -181)?
5
What is -7 + 8 + (13 - 9)?
5
What is -2 + -18 + 12 + 4?
-4
Calculate (0 - 1) + -3 + 3.
-1
What is the value of (3 - -2) + 2 - (-108 + 115)?
0
What is the value of 5 - (2 - (5 + -3 + 0))?
5
What is -14 + 3 - (26 + -28)?
-9
What is 2 - -6 - ((-3 - -4) + 2)?
5
Evaluate (-6 - 5) + 6 + 4.
-1
What is the value of -15 + 8 + 12 + -7?
-2
What is the value of 5 + (5 - (-6 + 14))?
2
What is the value of 0 + 5 + (-5 - (0 - 6))?
6
5 + (-5 - (-15 + 9))
6
What is the value of (0 - -2) + -2 + 0?
0
Calculate -12 + (9 - -1 - -10).
8
Calculate -47 - -48 - (-2 - -7).
-4
Calculate -18 + 17 - (0 + -5).
4
What is the value of -3 + (-7 + 2 - -5)?
-3
Evaluate 6 + 6 + -5 - 5.
2
(-2 - -3) + -10 + 8 - -4
3
Evaluate 3 + 2 - (12 - (-4 - -9)).
-2
What is 4 + (-2 - (4 + -1) - -4)?
3
What is the value of 1 - (-3 + 0) - (3 - 1)?
2
Calculate 2 - (11 + -1 + -4).
-4
6 + -2 + (-1 - 0)
3
Evaluate (-18 + 11 - 0) + 5.
-2
Calculate (1 - 1) + -21 + 29 + -13.
-5
Calculate 2 + -1 + -3 + 7.
5
2 + (2 - 3) + -6 + 8
3
What is 1 + 4 - (-11 + 15)?
1
Calculate 3 - (12 - (13 - 14)).
-10
What is -4 + 12 - (0 - (-2 - 1))?
5
Evaluate 3 + -21 + (-28 - -38).
-8
What is 8 + 0 + -20 + 8?
-4
-10 + 8 - 0 - 3
-5
Calculate 2 + 0 + -3 + 6.
5
What is the value of -8 - (-3 - 4) - (7 + -6)?
-2
What is 4 + (-17 - 3) + 12?
-4
Evaluate -13 + 15 + 1 + 0 + -7.
-4
What is the value of (1 - 0) + (8 - (3 - -1))?
5
What is the value of -1 + 1 + -3 - (-5 - -7)?
-5
What is -4 + (-1 - -5 - (-7 + 2))?
5
Calculate (6 - 1) + (-6 - -3).
2
What is -3 - (-2 + -5 + (-1 - -7)